{"id":989,"date":"2018-08-09T09:02:41","date_gmt":"2018-08-09T08:02:41","guid":{"rendered":"http:\/\/lewebpedagogique.com\/doubslivreelu\/?page_id=989"},"modified":"2018-08-09T09:02:41","modified_gmt":"2018-08-09T08:02:41","slug":"piste-dexploitation-2016-2017","status":"publish","type":"page","link":"https:\/\/doubslivreelu.fr\/index.php\/piste-dexploitation-2016-2017\/","title":{"rendered":"Piste d&rsquo;exploitation 2016-2017"},"content":{"rendered":"<p>Voici des pistes d&rsquo;exploitation pour entrer dans la lecture des livres des s\u00e9lections avec vos \u00e9l\u00e8ves.<\/p>\n<ul>\n<li><strong><a href=\"http:\/\/lewebpedagogique.com\/doubslivreelu\/files\/2014\/09\/Liste-1.pdf\" target=\"_blank\" rel=\"noopener\">liste 1<\/a><\/strong><\/li>\n<li><strong><a href=\"http:\/\/lewebpedagogique.com\/doubslivreelu\/files\/2014\/09\/liste-2.pdf\" target=\"_blank\" rel=\"noopener\">liste 2<\/a><\/strong><\/li>\n<li><strong><a href=\"http:\/\/lewebpedagogique.com\/doubslivreelu\/files\/2016\/11\/liste_3.pdf\" target=\"_blank\" rel=\"noopener\">liste 3<\/a><\/strong><\/li>\n<li><strong><a href=\"http:\/\/lewebpedagogique.com\/doubslivreelu\/files\/2014\/09\/liste-4.pdf\" target=\"_blank\" rel=\"noopener\">liste 4<\/a><\/strong><\/li>\n<li><strong><a href=\"https:\/\/files.acrobat.com\/a\/preview\/fa5589d6-530f-4f3a-9324-3ab07b67dc7f\">liste 5 et 6<\/a><\/strong><\/li>\n<li><strong><a href=\"https:\/\/files.acrobat.com\/a\/preview\/b6b07433-6111-4a7c-8d73-45b3c20032f6\">liste 5<\/a><\/strong><\/li>\n<li><strong><a href=\"https:\/\/files.acrobat.com\/a\/preview\/c1b0c835-d774-4496-b617-108154925a91\">liste 6<\/a><\/strong><\/li>\n<\/ul>\n","protected":false},"excerpt":{"rendered":"<p>Voici des pistes d&rsquo;exploitation pour entrer dans la lecture des livres des s\u00e9lections avec vos \u00e9l\u00e8ves. liste 1 liste 2 liste 3 liste 4 liste 5 et 6 liste 5 liste 6<\/p>\n","protected":false},"author":1,"featured_media":0,"parent":0,"menu_order":0,"comment_status":"closed","ping_status":"closed","template":"","meta":{"footnotes":""},"folder":[],"class_list":["post-989","page","type-page","status-publish","hentry"],"_links":{"self":[{"href":"https:\/\/doubslivreelu.fr\/index.php\/wp-json\/wp\/v2\/pages\/989","targetHints":{"allow":["GET"]}}],"collection":[{"href":"https:\/\/doubslivreelu.fr\/index.php\/wp-json\/wp\/v2\/pages"}],"about":[{"href":"https:\/\/doubslivreelu.fr\/index.php\/wp-json\/wp\/v2\/types\/page"}],"author":[{"embeddable":true,"href":"https:\/\/doubslivreelu.fr\/index.php\/wp-json\/wp\/v2\/users\/1"}],"replies":[{"embeddable":true,"href":"https:\/\/doubslivreelu.fr\/index.php\/wp-json\/wp\/v2\/comments?post=989"}],"version-history":[{"count":0,"href":"https:\/\/doubslivreelu.fr\/index.php\/wp-json\/wp\/v2\/pages\/989\/revisions"}],"wp:attachment":[{"href":"https:\/\/doubslivreelu.fr\/index.php\/wp-json\/wp\/v2\/media?parent=989"}],"wp:term":[{"taxonomy":"folder","embeddable":true,"href":"https:\/\/doubslivreelu.fr\/index.php\/wp-json\/wp\/v2\/folder?post=989"}],"curies":[{"name":"wp","href":"https:\/\/api.w.org\/{rel}","templated":true}]}}