{"id":3047,"date":"2025-06-22T16:54:20","date_gmt":"2025-06-22T14:54:20","guid":{"rendered":"https:\/\/doubslivreelu.fr\/?page_id=3047"},"modified":"2025-07-04T18:49:59","modified_gmt":"2025-07-04T16:49:59","slug":"exposition-besancon","status":"publish","type":"page","link":"https:\/\/doubslivreelu.fr\/index.php\/exposition-besancon\/","title":{"rendered":"Exposition besan\u00e7on 2025"},"content":{"rendered":"<h2>Exposition de Besan\u00e7on<br \/>du 18 juin au juillet 2025<\/h2>\n<p>Pour voir les productions interactives propos\u00e9es par des classes, suivez les les liens<\/p>\n<p><a href=\"https:\/\/view.genially.com\/67d817926d1fc55b26a6ddeb\/interactive-content-devine-le-personnage\">https:\/\/view.genially.com\/67d817926d1fc55b26a6ddeb\/interactive-content-devine-le-personnage<\/a><\/p>\n<p><a href=\"https:\/\/read.bookcreator.com\/2IIsFdzMzBdqeFpze226PLCbu5F3\/AJRYtoSMSJiEmo0vow-k5w\/g-1L8x48SBWH7Q36JuDt8w-right\">https:\/\/read.bookcreator.com\/2IIsFdzMzBdqeFpze226PLCbu5F3\/AJRYtoSMSJiEmo0vow-k5w\/g-1L8x48SBWH7Q36JuDt8w-right<\/a><\/p>\n<p><a href=\"https:\/\/scratch.mit.edu\/projects\/1185613107\/\">https:\/\/scratch.mit.edu\/projects\/1185613107\/<\/a><\/p>\n<p><a href=\"https:\/\/scratch.mit.edu\/projects\/1185613873\/\">https:\/\/scratch.mit.edu\/projects\/1185613873\/<\/a><\/p>\n<p><a href=\"https:\/\/www.calameo.com\/read\/007970022e7c8a39c9abf\">https:\/\/www.calameo.com\/read\/007970022e7c8a39c9abf<\/a><\/p>\n<p>Un parcours culturel propos\u00e9 par la ville de Besan\u00e7on \u00e0 l&rsquo;\u00e9cole \u00e9l\u00e9m\u00e9ntaire Fanart avec l&rsquo;\u00e9crivain Jean T\u00e9v\u00e9lis<\/p>\n<p><a href=\"http:\/\/doubslivreelu.fr\/wp-content\/uploads\/2025\/06\/les-orphelins.pdf\" target=\"_blank\" rel=\"noopener\">T\u00e9l\u00e9charger le livre<\/a><\/p>\n<p>Un parcours culturel propos\u00e9 par la ville de Besan\u00e7on \u00e0 l&rsquo;\u00e9cole \u00e9l\u00e9m\u00e9ntaire des Chaprais avec l&rsquo;\u00e9crivain Jean T\u00e9v\u00e9lis<\/p>\n<p><a href=\"http:\/\/doubslivreelu.fr\/wp-content\/uploads\/2025\/06\/chaprais.pdf\" target=\"_blank\" rel=\"noopener\">T\u00e9l\u00e9charger le livre<\/a><\/p>\n\n\n<p>Un parcours culturel propos\u00e9 par la ville de Besan\u00e7on \u00e0 l&rsquo;\u00e9cole \u00e9l\u00e9mentaire Jules Ferry avec l&rsquo;illustratrice Marjorie Pourchet. Les enfants ont enregistr\u00e9 leurs texte et le montage vid\u00e9o combine les pages du livre et ces enregistrements.<\/p>\n\n\n\n<p><a href=\"http:\/\/doubslivreelu.fr\/wp-content\/uploads\/2025\/07\/jules-ferry.mp4\" target=\"_blank\" rel=\"noreferrer noopener\">T\u00e9l\u00e9charger la vid\u00e9o<\/a><\/p>\n","protected":false},"excerpt":{"rendered":"<p>Exposition de Besan\u00e7ondu 18 juin au juillet 2025 Pour voir les productions interactives propos\u00e9es par des classes, suivez les les liens https:\/\/view.genially.com\/67d817926d1fc55b26a6ddeb\/interactive-content-devine-le-personnage https:\/\/read.bookcreator.com\/2IIsFdzMzBdqeFpze226PLCbu5F3\/AJRYtoSMSJiEmo0vow-k5w\/g-1L8x48SBWH7Q36JuDt8w-right https:\/\/scratch.mit.edu\/projects\/1185613107\/ https:\/\/scratch.mit.edu\/projects\/1185613873\/ https:\/\/www.calameo.com\/read\/007970022e7c8a39c9abf Un parcours culturel propos\u00e9 par la ville de Besan\u00e7on \u00e0 l&rsquo;\u00e9cole \u00e9l\u00e9m\u00e9ntaire Fanart avec l&rsquo;\u00e9crivain Jean T\u00e9v\u00e9lis T\u00e9l\u00e9charger le livre Un parcours culturel propos\u00e9 par la ville de Besan\u00e7on \u00e0 l&rsquo;\u00e9cole \u00e9l\u00e9m\u00e9ntaire des Chaprais avec l&rsquo;\u00e9crivain Jean T\u00e9v\u00e9lis T\u00e9l\u00e9charger le livre Un parcours culturel propos\u00e9 par la ville de Besan\u00e7on \u00e0 l&rsquo;\u00e9cole \u00e9l\u00e9mentaire Jules&#8230;<\/p>\n<p class=\"read-more\"><a class=\"btn btn-default\" href=\"https:\/\/doubslivreelu.fr\/index.php\/exposition-besancon\/\">Lire la suite<span class=\"screen-reader-text\"> Lire la suite<\/span><\/a><\/p>\n","protected":false},"author":1,"featured_media":0,"parent":0,"menu_order":0,"comment_status":"closed","ping_status":"closed","template":"","meta":{"footnotes":""},"folder":[],"class_list":["post-3047","page","type-page","status-publish","hentry"],"_links":{"self":[{"href":"https:\/\/doubslivreelu.fr\/index.php\/wp-json\/wp\/v2\/pages\/3047","targetHints":{"allow":["GET"]}}],"collection":[{"href":"https:\/\/doubslivreelu.fr\/index.php\/wp-json\/wp\/v2\/pages"}],"about":[{"href":"https:\/\/doubslivreelu.fr\/index.php\/wp-json\/wp\/v2\/types\/page"}],"author":[{"embeddable":true,"href":"https:\/\/doubslivreelu.fr\/index.php\/wp-json\/wp\/v2\/users\/1"}],"replies":[{"embeddable":true,"href":"https:\/\/doubslivreelu.fr\/index.php\/wp-json\/wp\/v2\/comments?post=3047"}],"version-history":[{"count":18,"href":"https:\/\/doubslivreelu.fr\/index.php\/wp-json\/wp\/v2\/pages\/3047\/revisions"}],"predecessor-version":[{"id":3085,"href":"https:\/\/doubslivreelu.fr\/index.php\/wp-json\/wp\/v2\/pages\/3047\/revisions\/3085"}],"wp:attachment":[{"href":"https:\/\/doubslivreelu.fr\/index.php\/wp-json\/wp\/v2\/media?parent=3047"}],"wp:term":[{"taxonomy":"folder","embeddable":true,"href":"https:\/\/doubslivreelu.fr\/index.php\/wp-json\/wp\/v2\/folder?post=3047"}],"curies":[{"name":"wp","href":"https:\/\/api.w.org\/{rel}","templated":true}]}}

Exposition besançon 2025

<h2>Exposition de Besançon<br />du 18 juin au juillet 2025</h2>
<p>Pour voir les productions interactives proposées par des classes, suivez les les liens</p>
<p><a href="https://view.genially.com/67d817926d1fc55b26a6ddeb/interactive-content-devine-le-personnage">https://view.genially.com/67d817926d1fc55b26a6ddeb/interactive-content-devine-le-personnage</a></p>
<p><a href="https://read.bookcreator.com/2IIsFdzMzBdqeFpze226PLCbu5F3/AJRYtoSMSJiEmo0vow-k5w/g-1L8x48SBWH7Q36JuDt8w-right">https://read.bookcreator.com/2IIsFdzMzBdqeFpze226PLCbu5F3/AJRYtoSMSJiEmo0vow-k5w/g-1L8x48SBWH7Q36JuDt8w-right</a></p>
<p><a href="https://scratch.mit.edu/projects/1185613107/">https://scratch.mit.edu/projects/1185613107/</a></p>
<p><a href="https://scratch.mit.edu/projects/1185613873/">https://scratch.mit.edu/projects/1185613873/</a></p>
<p><a href="https://www.calameo.com/read/007970022e7c8a39c9abf">https://www.calameo.com/read/007970022e7c8a39c9abf</a></p>
<p>Un parcours culturel proposé par la ville de Besançon à l&rsquo;école éléméntaire Fanart avec l&rsquo;écrivain Jean Tévélis</p>
<p><a href="http://doubslivreelu.fr/wp-content/uploads/2025/06/les-orphelins.pdf" target="_blank" rel="noopener">Télécharger le livre</a></p>
<p>Un parcours culturel proposé par la ville de Besançon à l&rsquo;école éléméntaire des Chaprais avec l&rsquo;écrivain Jean Tévélis</p>
<p><a href="http://doubslivreelu.fr/wp-content/uploads/2025/06/chaprais.pdf" target="_blank" rel="noopener">Télécharger le livre</a></p>


<p>Un parcours culturel proposé par la ville de Besançon à l&rsquo;école élémentaire Jules Ferry avec l&rsquo;illustratrice Marjorie Pourchet. Les enfants ont enregistré leurs texte et le montage vidéo combine les pages du livre et ces enregistrements.</p>



<p><a href="http://doubslivreelu.fr/wp-content/uploads/2025/07/jules-ferry.mp4" target="_blank" rel="noreferrer noopener">Télécharger la vidéo</a></p>

<p>Exposition de Besançondu 18 juin au juillet 2025 Pour voir les productions interactives proposées par des classes, suivez les les liens https://view.genially.com/67d817926d1fc55b26a6ddeb/interactive-content-devine-le-personnage https://read.bookcreator.com/2IIsFdzMzBdqeFpze226PLCbu5F3/AJRYtoSMSJiEmo0vow-k5w/g-1L8x48SBWH7Q36JuDt8w-right https://scratch.mit.edu/projects/1185613107/ https://scratch.mit.edu/projects/1185613873/ https://www.calameo.com/read/007970022e7c8a39c9abf Un parcours culturel proposé par la ville de Besançon à l&rsquo;école éléméntaire Fanart avec l&rsquo;écrivain Jean Tévélis Télécharger le livre Un parcours culturel proposé par la ville de Besançon à l&rsquo;école éléméntaire des Chaprais avec l&rsquo;écrivain Jean Tévélis Télécharger le livre Un parcours culturel proposé par la ville de Besançon à l&rsquo;école élémentaire Jules&#8230;</p>
<p class="read-more"><a class="btn btn-default" href="https://doubslivreelu.fr/index.php/exposition-besancon/">Lire la suite<span class="screen-reader-text"> Lire la suite</span></a></p>
